be (-4)/(-3)*33/2. Suppose q = -b + u. List the prime factors of q.
3, 5
Let a be 1 - 5 - ((-461)/1 + 5). Suppose 17*j - a = 959. What are the prime factors of j?
83
Let y(l) = -l**3 + 2*l**2 - 6*l + 41540. List the prime factors of y(0).
2, 5, 31, 67
Suppose -5*p = 25, -3*p - p - 18 = -z. Let d = 776 - 200. What are the prime factors of (d/(-54))/(z/15)?
2, 5
Suppose c + 9*m - 3183 = 12*m, -4*c - 5*m = -12783. Suppose 21*z - c = 5376. What are the prime factors of z?
2, 3, 17
Suppose -6*s = -3*s + 4*w - 6306, -4*s = -3*w - 8408. Suppose -2*a - 4*x = -s, a + 4*x + 0*x - 1055 = 0. What are the prime factors of a?
3, 349
Let n = -55 + 112. Let g be ((-5)/3)/((-1)/3). Suppose 0 = c + g*b - 40, -172 = -5*c + 4*b + n. List the prime factors of c.
3, 5
Suppose -33200 - 18820 = -15*c. List the prime factors of c.
2, 3, 17
Let r(h) = -3842*h - 1290. What are the prime factors of r(-5)?
2, 5, 7
Let t = 29041 + -15061. What are the prime factors of t?
2, 3, 5, 233
Let n = 75366 - 39354. What are the prime factors of n?
2, 3, 3001
Suppose -153*m = 60*m - 1675515 - 2024934. List the prime factors of m.
3, 5791
What are the prime factors of (-6 - (15/(-6) + -5))*(-6982)/(-3)?
3491
Let i be (-5 + (-1 - -6))/(-2). Suppose i*r - 90 = -10*r. Suppose r*y - 21 = 87. List the prime factors of y.
2, 3
Let p = -33 - -45. Let k be 3/p - 393/4. Let n = k + 174. What are the prime factors of n?
2, 19
Suppose 2 + 10 = b. Let d = -8 + b. Suppose 0 = d*r - 33 - 215. What are the prime factors of r?
2, 31
Suppose 3*d - 109012 = -5*j, 4*d + 4263 + 39347 = 2*j. List the prime factors of j.
21803
Let o(s) = 6346*s - 75. What are the prime factors of o(1)?
6271
Let k(g) = 27*g**2 - 3 - 3 + 418*g**2 + 7*g - 6*g. Let p(m) = 223*m**2 - 3. Let t(i) = 3*k(i) - 5*p(i). What are the prime factors of t(1)?
2, 5, 11
Let g be 2 + (-125)/(5 + (-168)/33). What are the prime factors of g/54 - 3/6?
5
Suppose 3*g + 3069 - 13530 = -3*f, 2*f = 5*g - 17421. Suppose -g = 15*p - 14060. What are the prime factors of p?
3, 5, 47
Let a(l) = 7*l + 11*l - 1617 + 1646 + l**2. What are the prime factors of a(-26)?
3, 79
Suppose 2*h = 30*h - 169876. List the prime factors of h.
6067
List the prime factors of (-1527)/6*(52 - 82).
3, 5, 509
Suppose 4*f + 6755 + 8533 = 10*f. List the prime factors of f.
2, 7, 13
Let w(b) = 3351*b + 106. List the prime factors of w(3).
10159
Let m be -1 - 2212/((-6)/3). Suppose 383 + m = 3*t. What are the prime factors of t?
2, 31
Let p = -13 - -74. Let u(f) = 2*f**2 - 10*f - 96. Let b be u(10). Suppose b*x + 1 = p. List the prime factors of x.
3, 5
Suppose -22*d + 21*d + 6197 = 3*t, t = 5*d - 30905. What are the prime factors of d?
2, 11, 281
Let r(z) = z**3 - 6*z**2 + 5*z + 5. Let m be r(5). Suppose -2*n = -4*l - 902, 3*l + 0*l - m*n = -680. Let a = l + 434. What are the prime factors of a?
11, 19
Let k = 57 - 53. Let d be (3 - k)*(-11 - -4). Suppose d*a - 137 - 199 = 0. What are the prime factors of a?
2, 3
Let p = -356 - -412. Let r = 3 + 3. Let v = p - r. What are the prime factors of v?
2, 5
Suppose -77*v + 2064250 = 38*v. List the prime factors of v.
2, 5, 359
Let n(l) = 31*l - 245. Let h be n(9). Suppose -32*f + h*f = 1772. What are the prime factors of f?
2, 443
What are the prime factors of -9 + 226552/16 - 15/6?
2, 3, 131
Suppose -109 = 2*b - 99. Suppose 70 = -m - 144. Let c = b - m. What are the prime factors of c?
11, 19
Suppose 1202 = 2*n - a, 2428 = 4*n + 11*a - 7*a. Suppose 600*w + 1029 = n*w. What are the prime factors of w?
7
Suppose -4*d = -3*r + 16, -4*r + 17 = -0*d - d. Let y = 6 - 3. Suppose y*a + 339 = 2*z - 0*z, -5*z + r*a + 837 = 0. What are the prime factors of z?
3, 5, 11
Let o(b) = -39*b - 6. Let f(n) = 2*n**2 - 38*n + 6. Let a be f(19). Suppose -5*d + d - u = 9, -a = -d - 3*u. What are the prime factors of o(d)?
3, 37
Let p = 239 + -237. What are the prime factors of 12992/(-21)*(-1 - p)?
2, 29
Suppose 90 - 86 = b. Suppose b*g + 348 = j, 5*j - 375 = -g + 1344. What are the prime factors of j?
2, 43
Let k(u) be the first derivative of -u**2/2 + 18*u + 1. Let s be k(-3). Suppose -3*y = -45 - s. What are the prime factors of y?
2, 11
Suppose -4344 = 73*c - 79*c. List the prime factors of (0 - -4) + 0/14 + c.
2, 7, 13
Let o = 134 - 127. Suppose -16*u - o*u + 16813 = 0. What are the prime factors of u?
17, 43
Suppose 3*f + 211*f - 16941248 = -58*f. What are the prime factors of f?
2, 23, 677
Suppose 0 = 5*v + 5*d - 15, 3 = v + 4*d - 0. What are the prime factors of 32/(-48)*(-1674)/v?
2, 3, 31
Let q = 95 + -165. Let v be 7168/q - ((-24)/10 + 2). Let h = 145 + v. List the prime factors of h.
43
Let f = -377 - -860. What are the prime factors of (f/(-5))/((-8)/40)?
3, 7, 23
Let v(y) be the third derivative of 13*y**5/60 + 37*y**4/24 + 3*y**3 - 210*y**2. List the prime factors of v(-10).
2, 3, 79
What are the prime factors of (-56)/(-8 + 22) + 1527?
1523
Suppose 0 = 5*l + 63 - 28, 2*t = -l + 61011. List the prime factors of t.
30509
Let q(h) = 14*h**2 + 13 + 17 + 73*h**3 + 2*h - 74*h**3 + 3. Suppose -7 = -f + 7. List the prime factors of q(f).
61
Let b(i) = 2*i**2 - 42*i - 92. Let j be b(23). Suppose -62*l + 53*l + 10836 = j. What are the prime factors of l?
2, 7, 43
Let n(p) = 96*p**2 + 6*p - p + 992 + 0*p - 995. List the prime factors of n(2).
17, 23
Suppose 99*o - 28*o - 639 = 0. List the prime factors of 17726/o - ((-128)/(-36) + -4).
2, 5, 197
What are the prime factors of 3606/1 + -43 + 47?
2, 5, 19
Let s(k) = -5811*k**2 - 8*k - 16. Let t be s(-12). What are the prime factors of 9/11 + -1 - t/1936?
2, 3
Suppose -8*g + 28 = 4. Suppose -x = 5*k - 0*x - 515, 0 = g*k + x - 311. Suppose 3*o = 4*o - k. List the prime factors of o.
2, 3, 17
Let t = 228 - 228. Suppose t = 79*d - 83*d + 3972. What are the prime factors of d?
3, 331
Let v = 1961 - 655. Suppose 5*g = -3*s + 1571, -3*g - 363 = 2*s - v. Let q = -142 + g. List the prime factors of q.
3, 19
Let l(m) = -15*m + 23. Let u be l(2). Let t(a) = -28*a + 63. List the prime factors of t(u).
7, 37
Let u = -35 + 167. Suppose 134*z - u*z = 682. List the prime factors of z.
11, 31
Suppose 224*w - 122680 = 219*w. What are the prime factors of w?
2, 3067
Let m be (-5 + (-1859)/(-44))/((-1)/(-48)). Suppose 6*q = 2*q - 5*l + m, 5*l = -20. List the prime factors of q.
2, 113
Let j = -87 + 88. List the prime factors of (4 - 2) + j + 43.
2, 23
Let b(d) = -595*d + 10546. List the prime factors of b(-20).
2, 3, 29, 43
Suppose -70*t = -72*t + 16. Suppose -t*x - 3483 = -17*x. What are the prime factors of x?
3, 43
Let w(t) = -62*t - 739 - 197*t + 744 + 11*t. List the prime factors of w(-1).
11, 23
Let u = 43487 - 19847. List the prime factors of u.
2, 3, 5, 197
Let s = -17219 + 55587. What are the prime factors of s?
2, 11, 109
Suppose 20*t = -24*t - 61*t + 3901065. What are the prime factors of t?
53, 701
Suppose 4*o - 37297 = -2*g - g, -5*o = -g - 46645. Suppose -14*r - 2*r = -o. What are the prime factors of r?
11, 53
Let b(f) = -2*f**3 + 23*f**2 + 25*f - 18. Suppose g + g - 20 = 0. What are the prime factors of b(g)?
2, 7, 19
Suppose 28 = -3*n - 110. Let t = 49 + n. Suppose -9 = -t*m + 72. What are the prime factors of m?
3
Suppose -702 = -28*j + 110. Suppose j*d - 21*d = 3128. List the prime factors of d.
17, 23
Let a be -4 - 1 - (-31 - 23). Let f = 84 + a. What are the prime factors of f?
7, 19
Let u(z) = 3*z + 70. Let r be u(-16). Suppose 4 - r = -3*m. Suppose 0 = m*a - 470 + 20. List the prime factors of a.
3, 5
What are the prime factors of (-775084)/(-20) + 1146/(-955)?
11, 13, 271
Let v be (14/63)/((-5)/(-45)). Suppose 3870 = 5*x - d - 4264, -v*x + 3258 = 4*d. List the prime factors of x.
1627
Suppose 0 = 2*c - 2, -b - 2*b = -2*c - 340. Let u = 254 - b. What are the prime factors of u?
2, 5, 7
Let n(x) = x**2 - 6*x - 19. Let v be (18/6)/3 - 7. List the prime factors of n(v).
53
Let z(b) = 741*b - 608. What are the prime factors of z(30)?
2, 19, 569
Let s = 44 - 40. Let d = s - 8. List the prime factors of (8/12)/(d/(-396)).
2, 3, 11
Let t(q) = 895*q**2 - 11*q + 60. List the prime factors of t(5).
2, 3, 5, 373
Let s(i) = -20 + 19*i - 10 + 5*i**2 + 3. Let w be s(10). Let t = -454 + w. List the prime factors of t.
11, 19
Let z be (52/(-2))/((-1)/7). Suppose 0 = 3*i - 4*w - 187 + 190, 4 = 4*i - 4*w. Suppose